{"id":15767,"date":"2025-05-05T11:26:53","date_gmt":"2025-05-05T09:26:53","guid":{"rendered":"https:\/\/www.praeventionsguidepsyche.de\/?page_id=15767"},"modified":"2026-01-22T18:34:57","modified_gmt":"2026-01-22T17:34:57","slug":"feedback","status":"publish","type":"page","link":"https:\/\/praeventionsguidepsyche.de\/index.php\/feedback\/","title":{"rendered":"Feedback"},"content":{"rendered":"<div id='full_slider_1'  class='avia-fullwidth-slider main_color avia-shadow   avia-builder-el-0  el_before_av_textblock  avia-builder-el-first   container_wrap sidebar_right'  ><div  class='avia-slideshow av-m7ubnuau-953d88d07732d84cc489571b35c19f26 avia-slideshow-no scaling av_slideshow_full avia-slide-slider av-slideshow-ui av-control-default av-slideshow-manual av-loop-once av-loop-manual-endless av-default-height-applied   avia-slideshow-1' data-slideshow-options=\"{&quot;animation&quot;:&quot;slide&quot;,&quot;autoplay&quot;:false,&quot;loop_autoplay&quot;:&quot;once&quot;,&quot;interval&quot;:5,&quot;loop_manual&quot;:&quot;manual-endless&quot;,&quot;autoplay_stopper&quot;:false,&quot;noNavigation&quot;:false,&quot;bg_slider&quot;:false,&quot;keep_padding&quot;:false,&quot;hoverpause&quot;:false,&quot;show_slide_delay&quot;:0}\"  itemprop=\"image\" itemscope=\"itemscope\" itemtype=\"https:\/\/schema.org\/ImageObject\" ><ul class='avia-slideshow-inner ' style='padding-bottom: 28.645833333333%;'><li  class='avia-slideshow-slide av-m7ubnuau-953d88d07732d84cc489571b35c19f26__0  av-single-slide slide-1 slide-odd'><div data-rel='slideshow-1' class='avia-slide-wrap '   ><img decoding=\"async\" fetchpriority=\"high\" class=\"wp-image-15752 avia-img-lazy-loading-not-15752\"  src=\"https:\/\/praeventionsguidepsyche.de\/wp-content\/uploads\/2025\/04\/bannerfinal.png\" width=\"1920\" height=\"550\" title='bannerfinal' alt=''  itemprop=\"thumbnailUrl\" srcset=\"https:\/\/praeventionsguidepsyche.de\/wp-content\/uploads\/2025\/04\/bannerfinal.png 1920w, https:\/\/praeventionsguidepsyche.de\/wp-content\/uploads\/2025\/04\/bannerfinal-300x86.png 300w, https:\/\/praeventionsguidepsyche.de\/wp-content\/uploads\/2025\/04\/bannerfinal-1030x295.png 1030w, https:\/\/praeventionsguidepsyche.de\/wp-content\/uploads\/2025\/04\/bannerfinal-768x220.png 768w, https:\/\/praeventionsguidepsyche.de\/wp-content\/uploads\/2025\/04\/bannerfinal-1536x440.png 1536w, https:\/\/praeventionsguidepsyche.de\/wp-content\/uploads\/2025\/04\/bannerfinal-1500x430.png 1500w, https:\/\/praeventionsguidepsyche.de\/wp-content\/uploads\/2025\/04\/bannerfinal-705x202.png 705w\" sizes=\"(max-width: 1920px) 100vw, 1920px\" \/><\/div><\/li><\/ul><\/div><\/div><div id='after_full_slider_1'  class='main_color av_default_container_wrap container_wrap sidebar_right'  ><div class='container av-section-cont-open' ><div class='template-page content  av-content-small alpha units'><div class='post-entry post-entry-type-page post-entry-15767'><div class='entry-content-wrapper clearfix'>\n\n<style type=\"text\/css\" data-created_by=\"avia_inline_auto\" id=\"style-css-av-m7ugteju-7c4c715ed8526501a44d5626ae222c24\">\n#top .av_textblock_section.av-m7ugteju-7c4c715ed8526501a44d5626ae222c24 .avia_textblock{\ncolor:#001975;\n}\n<\/style>\n<section  class='av_textblock_section av-m7ugteju-7c4c715ed8526501a44d5626ae222c24 '   itemscope=\"itemscope\" itemtype=\"https:\/\/schema.org\/CreativeWork\" ><div class='avia_textblock av_inherit_color'  itemprop=\"text\" ><h2>FEEDBACK\/UMFRAGE ZUR ERPROBUNG<\/h2>\n<\/div><\/section>\n\n<style type=\"text\/css\" data-created_by=\"avia_inline_auto\" id=\"style-css-av-g73am6b-730d520b8498f9af40ffcd4b30f2b622\">\n#top .hr.hr-invisible.av-g73am6b-730d520b8498f9af40ffcd4b30f2b622{\nheight:10px;\n}\n<\/style>\n<div  class='hr av-g73am6b-730d520b8498f9af40ffcd4b30f2b622 hr-invisible  avia-builder-el-2  el_after_av_textblock  el_before_av_one_third '><span class='hr-inner '><span class=\"hr-inner-style\"><\/span><\/span><\/div>\n<div class='flex_column_table av-m7ugxfog-f42422daa2c983374630ad0d101c376b sc-av_one_third av-equal-height-column-flextable'>\n<style type=\"text\/css\" data-created_by=\"avia_inline_auto\" id=\"style-css-av-m7ugxfog-f42422daa2c983374630ad0d101c376b\">\n.flex_column.av-m7ugxfog-f42422daa2c983374630ad0d101c376b{\nbackground-color:#629bfc;\n}\n<\/style>\n<div  class='flex_column av-m7ugxfog-f42422daa2c983374630ad0d101c376b av_one_third  avia-builder-el-3  el_after_av_hr  el_before_av_two_third  first no_margin flex_column_table_cell av-equal-height-column av-align-top  '     ><p>\n<style type=\"text\/css\" data-created_by=\"avia_inline_auto\" id=\"style-css-av-fvb5etf-a9bb52336219c4961b061b7dae39534e\">\n#top .hr.hr-invisible.av-fvb5etf-a9bb52336219c4961b061b7dae39534e{\nheight:50px;\n}\n<\/style>\n<div  class='hr av-fvb5etf-a9bb52336219c4961b061b7dae39534e hr-invisible  avia-builder-el-4  el_before_av_image  avia-builder-el-first '><span class='hr-inner '><span class=\"hr-inner-style\"><\/span><\/span><\/div><br \/>\n\n<style type=\"text\/css\" data-created_by=\"avia_inline_auto\" id=\"style-css-av-m7uh08kb-ad77873967870d26952c4332d381766f\">\n.avia-image-container.av-m7uh08kb-ad77873967870d26952c4332d381766f img.avia_image{\nbox-shadow:none;\n}\n.avia-image-container.av-m7uh08kb-ad77873967870d26952c4332d381766f .av-image-caption-overlay-center{\ncolor:#ffffff;\n}\n<\/style>\n<div  class='avia-image-container av-m7uh08kb-ad77873967870d26952c4332d381766f av-styling- avia-align-center  avia-builder-el-5  el_after_av_hr  el_before_av_hr '   itemprop=\"image\" itemscope=\"itemscope\" itemtype=\"https:\/\/schema.org\/ImageObject\" ><div class=\"avia-image-container-inner\"><div class=\"avia-image-overlay-wrap\"><img decoding=\"async\" fetchpriority=\"high\" class='wp-image-15769 avia-img-lazy-loading-not-15769 avia_image ' src=\"https:\/\/praeventionsguidepsyche.de\/wp-content\/uploads\/2025\/04\/umfrage-300x300.png\" alt='' title='umfrage'  height=\"300\" width=\"300\"  itemprop=\"thumbnailUrl\" srcset=\"https:\/\/praeventionsguidepsyche.de\/wp-content\/uploads\/2025\/04\/umfrage-300x300.png 300w, https:\/\/praeventionsguidepsyche.de\/wp-content\/uploads\/2025\/04\/umfrage-80x80.png 80w, https:\/\/praeventionsguidepsyche.de\/wp-content\/uploads\/2025\/04\/umfrage-768x768.png 768w, https:\/\/praeventionsguidepsyche.de\/wp-content\/uploads\/2025\/04\/umfrage-36x36.png 36w, https:\/\/praeventionsguidepsyche.de\/wp-content\/uploads\/2025\/04\/umfrage-180x180.png 180w, https:\/\/praeventionsguidepsyche.de\/wp-content\/uploads\/2025\/04\/umfrage-705x705.png 705w, https:\/\/praeventionsguidepsyche.de\/wp-content\/uploads\/2025\/04\/umfrage.png 800w\" sizes=\"(max-width: 300px) 100vw, 300px\" \/><\/div><\/div><\/div><br \/>\n\n<style type=\"text\/css\" data-created_by=\"avia_inline_auto\" id=\"style-css-av-1zafg7k-2004aa9b307ec073e8f3122acc01fb59\">\n#top .hr.hr-invisible.av-1zafg7k-2004aa9b307ec073e8f3122acc01fb59{\nheight:50px;\n}\n<\/style>\n<div  class='hr av-1zafg7k-2004aa9b307ec073e8f3122acc01fb59 hr-invisible  avia-builder-el-6  el_after_av_image  avia-builder-el-last '><span class='hr-inner '><span class=\"hr-inner-style\"><\/span><\/span><\/div><\/p><\/div>\n\n<style type=\"text\/css\" data-created_by=\"avia_inline_auto\" id=\"style-css-av-m7uhhlsq-69ceca9927188255920f5cf95c3f31e3\">\n.flex_column.av-m7uhhlsq-69ceca9927188255920f5cf95c3f31e3{\npadding:2% 2% 2% 2%;\nbackground-color:#cbdefe;\n}\n<\/style>\n<div  class='flex_column av-m7uhhlsq-69ceca9927188255920f5cf95c3f31e3 av_two_third  avia-builder-el-7  el_after_av_one_third  el_before_av_hr  no_margin flex_column_table_cell av-equal-height-column av-align-top  '     ><p><section  class='av_textblock_section av-qk6hp3-2cb7272e84e885a75b632048491f730c '   itemscope=\"itemscope\" itemtype=\"https:\/\/schema.org\/CreativeWork\" ><div class='avia_textblock'  itemprop=\"text\" ><p><strong>Vielen Dank f\u00fcr Ihre Bereitschaft, uns bei der Optimierung des Pr\u00e4ventionsguide Psyche zu unterst\u00fctzen!<\/strong><\/p>\n<p>\u00dcber den unten angezeigten Button k\u00f6nnen Sie unseren Fragebogen (ca. 15 min) erreichen.<\/p>\n<p>Vorgehensweise\/Tipps zur Anwendung:<\/p>\n<p>Der Pr\u00e4ventionsguide Psyche eignet sich besonders f\u00fcr den Einsatz im Rahmen Ihrer Beratungst\u00e4tigkeit. Sobald in einem Unternehmen ein Fall auftritt, der die psychische Gesundheit betrifft, kann der Guide unterst\u00fctzend herangezogen werden. Ob und in welchem Ma\u00df sich die Anwendung in der Praxis bew\u00e4hrt hat, m\u00f6chten wir im Rahmen unserer begleitenden Umfrage von Ihnen erfahren.<\/p>\n<p>Der Pr\u00e4ventionsguide Psyche kann von Ihnen und gerne auch von weiteren Personen in Ihrem Haus in der Praxis getestet werden. Empfehlen Sie ihn gerne weiter!<\/p>\n<p><strong>Wir freuen uns auf Ihre R\u00fcckmeldungen!<\/strong><\/p>\n<\/div><\/section><br \/>\n\n<style type=\"text\/css\" data-created_by=\"avia_inline_auto\" id=\"style-css-av-m7uhnm4m-6ba82cc9406b13e74385fb04d352fd4a\">\n#top .hr.hr-invisible.av-m7uhnm4m-6ba82cc9406b13e74385fb04d352fd4a{\nheight:5px;\n}\n<\/style>\n<div  class='hr av-m7uhnm4m-6ba82cc9406b13e74385fb04d352fd4a hr-invisible  avia-builder-el-9  el_after_av_textblock  el_before_av_hr '><span class='hr-inner '><span class=\"hr-inner-style\"><\/span><\/span><\/div><br \/>\n\n<style type=\"text\/css\" data-created_by=\"avia_inline_auto\" id=\"style-css-av-vqtvuf-06686b91a7b89c34fc0de19980d55279\">\n#top .hr.hr-invisible.av-vqtvuf-06686b91a7b89c34fc0de19980d55279{\nheight:5px;\n}\n<\/style>\n<div  class='hr av-vqtvuf-06686b91a7b89c34fc0de19980d55279 hr-invisible  avia-builder-el-10  el_after_av_hr  el_before_av_button '><span class='hr-inner '><span class=\"hr-inner-style\"><\/span><\/span><\/div><br \/>\n<div  class='avia-button-wrap av-m7uhglbr-59daba30952b1f5b0c98f0c14cdd7ad2-wrap avia-button-center  avia-builder-el-11  el_after_av_hr  avia-builder-el-last '>\n<style type=\"text\/css\" data-created_by=\"avia_inline_auto\" id=\"style-css-av-m7uhglbr-59daba30952b1f5b0c98f0c14cdd7ad2\">\n#top #wrap_all .avia-button.av-m7uhglbr-59daba30952b1f5b0c98f0c14cdd7ad2{\nbackground-color:#001975;\nborder-color:#001975;\ncolor:#ffffff;\ntransition:all 0.4s ease-in-out;\n}\n<\/style>\n<a href='https:\/\/survey.lamapoll.de\/Erprobungsumfrage-Praeventionsguide-Psyche' class='avia-button av-m7uhglbr-59daba30952b1f5b0c98f0c14cdd7ad2 avia-icon_select-yes-left-icon avia-size-small avia-position-center' target=\"_blank\" rel=\"noopener noreferrer\"><span class='avia_button_icon avia_button_icon_left' aria-hidden='true' data-av_icon='\ue835' data-av_iconfont='entypo-fontello'><\/span><span class='avia_iconbox_title' >ZUR UMFRAGE<\/span><\/a><\/div><\/p><\/div><\/div><!--close column table wrapper. Autoclose: 1 -->\n<style type=\"text\/css\" data-created_by=\"avia_inline_auto\" id=\"style-css-av-m6hrq3yx-9a43b3251f59e206e024333c5f3d9bb4\">\n#top .hr.hr-invisible.av-m6hrq3yx-9a43b3251f59e206e024333c5f3d9bb4{\nheight:80px;\n}\n<\/style>\n<div  class='hr av-m6hrq3yx-9a43b3251f59e206e024333c5f3d9bb4 hr-invisible  avia-builder-el-12  el_after_av_two_third  avia-builder-el-last '><span class='hr-inner '><span class=\"hr-inner-style\"><\/span><\/span><\/div><\/p>\n","protected":false},"excerpt":{"rendered":"","protected":false},"author":4,"featured_media":0,"parent":0,"menu_order":0,"comment_status":"closed","ping_status":"closed","template":"","meta":{"inline_featured_image":false,"_uf_show_specific_survey":0,"_uf_disable_surveys":false,"footnotes":""},"class_list":["post-15767","page","type-page","status-publish","hentry"],"yoast_head":"<!-- This site is optimized with the Yoast SEO plugin v27.1.1 - https:\/\/yoast.com\/product\/yoast-seo-wordpress\/ -->\n<title>Feedback - Pr\u00e4ventionsguide Psyche<\/title>\n<meta name=\"robots\" content=\"index, follow, max-snippet:-1, max-image-preview:large, max-video-preview:-1\" \/>\n<link rel=\"canonical\" href=\"https:\/\/praeventionsguidepsyche.de\/index.php\/feedback\/\" \/>\n<meta property=\"og:locale\" content=\"de_DE\" \/>\n<meta property=\"og:type\" content=\"article\" \/>\n<meta property=\"og:title\" content=\"Feedback - Pr\u00e4ventionsguide Psyche\" \/>\n<meta property=\"og:url\" content=\"https:\/\/praeventionsguidepsyche.de\/index.php\/feedback\/\" \/>\n<meta property=\"og:site_name\" content=\"Pr\u00e4ventionsguide Psyche\" \/>\n<meta property=\"article:modified_time\" content=\"2026-01-22T17:34:57+00:00\" \/>\n<meta name=\"twitter:card\" content=\"summary_large_image\" \/>\n<meta name=\"twitter:label1\" content=\"Gesch\u00e4tzte Lesezeit\" \/>\n\t<meta name=\"twitter:data1\" content=\"13\u00a0Minuten\" \/>\n<script type=\"application\/ld+json\" class=\"yoast-schema-graph\">{\"@context\":\"https:\/\/schema.org\",\"@graph\":[{\"@type\":\"WebPage\",\"@id\":\"https:\/\/praeventionsguidepsyche.de\/index.php\/feedback\/\",\"url\":\"https:\/\/praeventionsguidepsyche.de\/index.php\/feedback\/\",\"name\":\"Feedback - Pr\u00e4ventionsguide Psyche\",\"isPartOf\":{\"@id\":\"https:\/\/praeventionsguidepsyche.de\/#website\"},\"datePublished\":\"2025-05-05T09:26:53+00:00\",\"dateModified\":\"2026-01-22T17:34:57+00:00\",\"breadcrumb\":{\"@id\":\"https:\/\/praeventionsguidepsyche.de\/index.php\/feedback\/#breadcrumb\"},\"inLanguage\":\"de\",\"potentialAction\":[{\"@type\":\"ReadAction\",\"target\":[\"https:\/\/praeventionsguidepsyche.de\/index.php\/feedback\/\"]}]},{\"@type\":\"BreadcrumbList\",\"@id\":\"https:\/\/praeventionsguidepsyche.de\/index.php\/feedback\/#breadcrumb\",\"itemListElement\":[{\"@type\":\"ListItem\",\"position\":1,\"name\":\"Start\",\"item\":\"https:\/\/praeventionsguidepsyche.de\/index.php\/start\/\"},{\"@type\":\"ListItem\",\"position\":2,\"name\":\"Feedback\"}]},{\"@type\":\"WebSite\",\"@id\":\"https:\/\/praeventionsguidepsyche.de\/#website\",\"url\":\"https:\/\/praeventionsguidepsyche.de\/\",\"name\":\"Pr\u00e4ventionsguide Psyche\",\"description\":\"\",\"potentialAction\":[{\"@type\":\"SearchAction\",\"target\":{\"@type\":\"EntryPoint\",\"urlTemplate\":\"https:\/\/praeventionsguidepsyche.de\/?s={search_term_string}\"},\"query-input\":{\"@type\":\"PropertyValueSpecification\",\"valueRequired\":true,\"valueName\":\"search_term_string\"}}],\"inLanguage\":\"de\"}]}<\/script>\n<!-- \/ Yoast SEO plugin. -->","yoast_head_json":{"title":"Feedback - Pr\u00e4ventionsguide Psyche","robots":{"index":"index","follow":"follow","max-snippet":"max-snippet:-1","max-image-preview":"max-image-preview:large","max-video-preview":"max-video-preview:-1"},"canonical":"https:\/\/praeventionsguidepsyche.de\/index.php\/feedback\/","og_locale":"de_DE","og_type":"article","og_title":"Feedback - Pr\u00e4ventionsguide Psyche","og_url":"https:\/\/praeventionsguidepsyche.de\/index.php\/feedback\/","og_site_name":"Pr\u00e4ventionsguide Psyche","article_modified_time":"2026-01-22T17:34:57+00:00","twitter_card":"summary_large_image","twitter_misc":{"Gesch\u00e4tzte Lesezeit":"13\u00a0Minuten"},"schema":{"@context":"https:\/\/schema.org","@graph":[{"@type":"WebPage","@id":"https:\/\/praeventionsguidepsyche.de\/index.php\/feedback\/","url":"https:\/\/praeventionsguidepsyche.de\/index.php\/feedback\/","name":"Feedback - Pr\u00e4ventionsguide Psyche","isPartOf":{"@id":"https:\/\/praeventionsguidepsyche.de\/#website"},"datePublished":"2025-05-05T09:26:53+00:00","dateModified":"2026-01-22T17:34:57+00:00","breadcrumb":{"@id":"https:\/\/praeventionsguidepsyche.de\/index.php\/feedback\/#breadcrumb"},"inLanguage":"de","potentialAction":[{"@type":"ReadAction","target":["https:\/\/praeventionsguidepsyche.de\/index.php\/feedback\/"]}]},{"@type":"BreadcrumbList","@id":"https:\/\/praeventionsguidepsyche.de\/index.php\/feedback\/#breadcrumb","itemListElement":[{"@type":"ListItem","position":1,"name":"Start","item":"https:\/\/praeventionsguidepsyche.de\/index.php\/start\/"},{"@type":"ListItem","position":2,"name":"Feedback"}]},{"@type":"WebSite","@id":"https:\/\/praeventionsguidepsyche.de\/#website","url":"https:\/\/praeventionsguidepsyche.de\/","name":"Pr\u00e4ventionsguide Psyche","description":"","potentialAction":[{"@type":"SearchAction","target":{"@type":"EntryPoint","urlTemplate":"https:\/\/praeventionsguidepsyche.de\/?s={search_term_string}"},"query-input":{"@type":"PropertyValueSpecification","valueRequired":true,"valueName":"search_term_string"}}],"inLanguage":"de"}]}},"jetpack-related-posts":[],"jetpack_sharing_enabled":true,"_links":{"self":[{"href":"https:\/\/praeventionsguidepsyche.de\/index.php\/wp-json\/wp\/v2\/pages\/15767","targetHints":{"allow":["GET"]}}],"collection":[{"href":"https:\/\/praeventionsguidepsyche.de\/index.php\/wp-json\/wp\/v2\/pages"}],"about":[{"href":"https:\/\/praeventionsguidepsyche.de\/index.php\/wp-json\/wp\/v2\/types\/page"}],"author":[{"embeddable":true,"href":"https:\/\/praeventionsguidepsyche.de\/index.php\/wp-json\/wp\/v2\/users\/4"}],"replies":[{"embeddable":true,"href":"https:\/\/praeventionsguidepsyche.de\/index.php\/wp-json\/wp\/v2\/comments?post=15767"}],"version-history":[{"count":17,"href":"https:\/\/praeventionsguidepsyche.de\/index.php\/wp-json\/wp\/v2\/pages\/15767\/revisions"}],"predecessor-version":[{"id":16079,"href":"https:\/\/praeventionsguidepsyche.de\/index.php\/wp-json\/wp\/v2\/pages\/15767\/revisions\/16079"}],"wp:attachment":[{"href":"https:\/\/praeventionsguidepsyche.de\/index.php\/wp-json\/wp\/v2\/media?parent=15767"}],"curies":[{"name":"wp","href":"https:\/\/api.w.org\/{rel}","templated":true}]}}